{"id":173,"date":"2020-03-15T22:33:05","date_gmt":"2020-03-15T21:33:05","guid":{"rendered":"https:\/\/sternwarte.jorahm.de\/?page_id=173"},"modified":"2020-04-01T17:03:09","modified_gmt":"2020-04-01T15:03:09","slug":"astrofotos","status":"publish","type":"page","link":"https:\/\/sternwarte.jorahm.de\/index.php\/astrofotos\/","title":{"rendered":"Astrofotos"},"content":{"rendered":"\n<p>Die\u00a0Astrofotografie\u00a0umfasst jene Methoden der Fotografie, mit denen <a href=\"https:\/\/sternwarte.jorahm.de\/index.php\/astrofotos\/sonnensystem\/\">Planeten<\/a>, Kometen, Asteroiden, Sterne, <a href=\"https:\/\/sternwarte.jorahm.de\/index.php\/astrofotos\/sternhaufen\/\">Sternhaufen<\/a>, <a href=\"https:\/\/sternwarte.jorahm.de\/index.php\/astrofotos\/nebel\/\">Nebel<\/a>, <a href=\"https:\/\/sternwarte.jorahm.de\/index.php\/astrofotos\/planetarischer-nebel\/\">Planetarische Nebel<\/a>, Exoplaneten, <a href=\"https:\/\/sternwarte.jorahm.de\/index.php\/astrofotos\/galaxien\/\">Galaxien<\/a>, Supernovae, Quasare und sogar Schwarze L\u00f6cher (d.h. deren Umgebung) im sichtbaren Licht und nahem Infrarotlicht abgebildet werden.<\/p>\n\n\n\n<p>Mit ihrer Hilfe kann man vor allem auch Objekte darstellen, die zu lichtschwach f\u00fcr visuelle\u00a0Beobachtung sind. Moderne Bildsensoren sind sehr lichtempfindlich und k\u00f6nnen im Gegensatz zum Auge\u00a0die Lichteinwirkung w\u00e4hrend langer Belichtungszeiten sammeln. Dieser Vorteil kommt insbesondere bei Objekten geringer Helligkeit\u00a0zum Tragen. An der JoRaVst k\u00f6nnen Himmelsobjekte nachgewiesen werden, die eine Million mal lichtschw\u00e4cher sind, als die mit blo\u00dfem Auge erkennbaren Objekte. <\/p>\n\n\n\n<p>Im Allgemeinen m\u00fcssen die Himmelsaufnahmen die Rotation der Erde um ihre Achse kompensieren, um statt einer Strichspurenaufnahme\u00a0eine punktf\u00f6rmige Abbildung der Sterne zu erreichen. Dazu erh\u00e4lt das Fernrohr bzw. die Kamera eine \u00e4quatoriale Montierung, deren eine Achse genau auf den Himmelspol\u00a0(verl\u00e4ngerte Erdachse, Polarstern) ausgerichtet ist. Die Nachf\u00fchrung\u00a0erfolgt zumeist mit einer zweiten Kamera. <\/p>\n\n\n\n<p><\/p>\n","protected":false},"excerpt":{"rendered":"<p>Die\u00a0Astrofotografie\u00a0umfasst jene Methoden der Fotografie, mit denen Planeten, Kometen, Asteroiden, Sterne, Sternhaufen, Nebel, Planetarische Nebel, Exoplaneten, Galaxien, Supernovae, Quasare und sogar Schwarze L\u00f6cher (d.h. deren Umgebung) im sichtbaren Licht und nahem Infrarotlicht abgebildet werden. Mit ihrer Hilfe kann man vor allem auch Objekte darstellen, die zu lichtschwach f\u00fcr visuelle\u00a0Beobachtung sind. Moderne Bildsensoren sind sehr lichtempfindlich &#8230; <\/p>\n<p class=\"read-more-container\"><a title=\"Astrofotos\" class=\"read-more button\" href=\"https:\/\/sternwarte.jorahm.de\/index.php\/astrofotos\/#more-173\">Read more<span class=\"screen-reader-text\">Astrofotos<\/span><\/a><\/p>\n","protected":false},"author":1,"featured_media":0,"parent":0,"menu_order":0,"comment_status":"closed","ping_status":"closed","template":"","meta":{"footnotes":""},"class_list":["post-173","page","type-page","status-publish"],"yoast_head":"<!-- This site is optimized with the Yoast SEO plugin v27.3 - https:\/\/yoast.com\/product\/yoast-seo-wordpress\/ -->\n<title>Astrofotos - JoRa VST<\/title>\n<meta name=\"robots\" content=\"index, follow, max-snippet:-1, max-image-preview:large, max-video-preview:-1\" \/>\n<link rel=\"canonical\" href=\"https:\/\/sternwarte.jorahm.de\/index.php\/astrofotos\/\" \/>\n<meta property=\"og:locale\" content=\"de_DE\" \/>\n<meta property=\"og:type\" content=\"article\" \/>\n<meta property=\"og:title\" content=\"Astrofotos - JoRa VST\" \/>\n<meta property=\"og:description\" content=\"Die\u00a0Astrofotografie\u00a0umfasst jene Methoden der Fotografie, mit denen Planeten, Kometen, Asteroiden, Sterne, Sternhaufen, Nebel, Planetarische Nebel, Exoplaneten, Galaxien, Supernovae, Quasare und sogar Schwarze L\u00f6cher (d.h. deren Umgebung) im sichtbaren Licht und nahem Infrarotlicht abgebildet werden. Mit ihrer Hilfe kann man vor allem auch Objekte darstellen, die zu lichtschwach f\u00fcr visuelle\u00a0Beobachtung sind. Moderne Bildsensoren sind sehr lichtempfindlich ... Read moreAstrofotos\" \/>\n<meta property=\"og:url\" content=\"https:\/\/sternwarte.jorahm.de\/index.php\/astrofotos\/\" \/>\n<meta property=\"og:site_name\" content=\"JoRa VST\" \/>\n<meta property=\"article:modified_time\" content=\"2020-04-01T15:03:09+00:00\" \/>\n<meta name=\"twitter:card\" content=\"summary_large_image\" \/>\n<meta name=\"twitter:label1\" content=\"Gesch\u00e4tzte Lesezeit\" \/>\n\t<meta name=\"twitter:data1\" content=\"1\u00a0Minute\" \/>\n<script type=\"application\/ld+json\" class=\"yoast-schema-graph\">{\"@context\":\"https:\\\/\\\/schema.org\",\"@graph\":[{\"@type\":\"WebPage\",\"@id\":\"https:\\\/\\\/sternwarte.jorahm.de\\\/index.php\\\/astrofotos\\\/\",\"url\":\"https:\\\/\\\/sternwarte.jorahm.de\\\/index.php\\\/astrofotos\\\/\",\"name\":\"Astrofotos - JoRa VST\",\"isPartOf\":{\"@id\":\"https:\\\/\\\/sternwarte.jorahm.de\\\/#website\"},\"datePublished\":\"2020-03-15T21:33:05+00:00\",\"dateModified\":\"2020-04-01T15:03:09+00:00\",\"breadcrumb\":{\"@id\":\"https:\\\/\\\/sternwarte.jorahm.de\\\/index.php\\\/astrofotos\\\/#breadcrumb\"},\"inLanguage\":\"de\",\"potentialAction\":[{\"@type\":\"ReadAction\",\"target\":[\"https:\\\/\\\/sternwarte.jorahm.de\\\/index.php\\\/astrofotos\\\/\"]}]},{\"@type\":\"BreadcrumbList\",\"@id\":\"https:\\\/\\\/sternwarte.jorahm.de\\\/index.php\\\/astrofotos\\\/#breadcrumb\",\"itemListElement\":[{\"@type\":\"ListItem\",\"position\":1,\"name\":\"Home\",\"item\":\"https:\\\/\\\/sternwarte.jorahm.de\\\/\"},{\"@type\":\"ListItem\",\"position\":2,\"name\":\"Astrofotos\"}]},{\"@type\":\"WebSite\",\"@id\":\"https:\\\/\\\/sternwarte.jorahm.de\\\/#website\",\"url\":\"https:\\\/\\\/sternwarte.jorahm.de\\\/\",\"name\":\"JoRa VST\",\"description\":\"Joachim Rahm Very Small Telescope\",\"potentialAction\":[{\"@type\":\"SearchAction\",\"target\":{\"@type\":\"EntryPoint\",\"urlTemplate\":\"https:\\\/\\\/sternwarte.jorahm.de\\\/?s={search_term_string}\"},\"query-input\":{\"@type\":\"PropertyValueSpecification\",\"valueRequired\":true,\"valueName\":\"search_term_string\"}}],\"inLanguage\":\"de\"}]}<\/script>\n<!-- \/ Yoast SEO plugin. -->","yoast_head_json":{"title":"Astrofotos - JoRa VST","robots":{"index":"index","follow":"follow","max-snippet":"max-snippet:-1","max-image-preview":"max-image-preview:large","max-video-preview":"max-video-preview:-1"},"canonical":"https:\/\/sternwarte.jorahm.de\/index.php\/astrofotos\/","og_locale":"de_DE","og_type":"article","og_title":"Astrofotos - JoRa VST","og_description":"Die\u00a0Astrofotografie\u00a0umfasst jene Methoden der Fotografie, mit denen Planeten, Kometen, Asteroiden, Sterne, Sternhaufen, Nebel, Planetarische Nebel, Exoplaneten, Galaxien, Supernovae, Quasare und sogar Schwarze L\u00f6cher (d.h. deren Umgebung) im sichtbaren Licht und nahem Infrarotlicht abgebildet werden. Mit ihrer Hilfe kann man vor allem auch Objekte darstellen, die zu lichtschwach f\u00fcr visuelle\u00a0Beobachtung sind. Moderne Bildsensoren sind sehr lichtempfindlich ... Read moreAstrofotos","og_url":"https:\/\/sternwarte.jorahm.de\/index.php\/astrofotos\/","og_site_name":"JoRa VST","article_modified_time":"2020-04-01T15:03:09+00:00","twitter_card":"summary_large_image","twitter_misc":{"Gesch\u00e4tzte Lesezeit":"1\u00a0Minute"},"schema":{"@context":"https:\/\/schema.org","@graph":[{"@type":"WebPage","@id":"https:\/\/sternwarte.jorahm.de\/index.php\/astrofotos\/","url":"https:\/\/sternwarte.jorahm.de\/index.php\/astrofotos\/","name":"Astrofotos - JoRa VST","isPartOf":{"@id":"https:\/\/sternwarte.jorahm.de\/#website"},"datePublished":"2020-03-15T21:33:05+00:00","dateModified":"2020-04-01T15:03:09+00:00","breadcrumb":{"@id":"https:\/\/sternwarte.jorahm.de\/index.php\/astrofotos\/#breadcrumb"},"inLanguage":"de","potentialAction":[{"@type":"ReadAction","target":["https:\/\/sternwarte.jorahm.de\/index.php\/astrofotos\/"]}]},{"@type":"BreadcrumbList","@id":"https:\/\/sternwarte.jorahm.de\/index.php\/astrofotos\/#breadcrumb","itemListElement":[{"@type":"ListItem","position":1,"name":"Home","item":"https:\/\/sternwarte.jorahm.de\/"},{"@type":"ListItem","position":2,"name":"Astrofotos"}]},{"@type":"WebSite","@id":"https:\/\/sternwarte.jorahm.de\/#website","url":"https:\/\/sternwarte.jorahm.de\/","name":"JoRa VST","description":"Joachim Rahm Very Small Telescope","potentialAction":[{"@type":"SearchAction","target":{"@type":"EntryPoint","urlTemplate":"https:\/\/sternwarte.jorahm.de\/?s={search_term_string}"},"query-input":{"@type":"PropertyValueSpecification","valueRequired":true,"valueName":"search_term_string"}}],"inLanguage":"de"}]}},"_links":{"self":[{"href":"https:\/\/sternwarte.jorahm.de\/index.php\/wp-json\/wp\/v2\/page\/173","targetHints":{"allow":["GET"]}}],"collection":[{"href":"https:\/\/sternwarte.jorahm.de\/index.php\/wp-json\/wp\/v2\/page"}],"about":[{"href":"https:\/\/sternwarte.jorahm.de\/index.php\/wp-json\/wp\/v2\/types\/page"}],"author":[{"embeddable":true,"href":"https:\/\/sternwarte.jorahm.de\/index.php\/wp-json\/wp\/v2\/users\/1"}],"replies":[{"embeddable":true,"href":"https:\/\/sternwarte.jorahm.de\/index.php\/wp-json\/wp\/v2\/comments?post=173"}],"version-history":[{"count":3,"href":"https:\/\/sternwarte.jorahm.de\/index.php\/wp-json\/wp\/v2\/page\/173\/revisions"}],"predecessor-version":[{"id":331,"href":"https:\/\/sternwarte.jorahm.de\/index.php\/wp-json\/wp\/v2\/page\/173\/revisions\/331"}],"wp:attachment":[{"href":"https:\/\/sternwarte.jorahm.de\/index.php\/wp-json\/wp\/v2\/media?parent=173"}],"curies":[{"name":"wp","href":"https:\/\/api.w.org\/{rel}","templated":true}]}}